at is 89 (base 12) in base 15?
70
-2 (base 11) to base 14
-2
What is -110 (base 6) in base 15?
-2c
32 (base 13) to base 12
35
221 (base 3) to base 11
23
Convert -6 (base 9) to base 10.
-6
What is 107 (base 9) in base 4?
1120
What is 4 (base 13) in base 10?
4
Convert 0 (base 14) to base 13.
0
What is -47 (base 11) in base 14?
-39
-e (base 16) to base 2
-1110
10 (base 9) to base 14
9
5 (base 6) to base 7
5
What is a (base 15) in base 6?
14
-1 (base 10) to base 5
-1
What is 3 (base 10) in base 12?
3
What is 6 (base 8) in base 15?
6
Convert -7 (base 8) to base 2.
-111
Convert 121 (base 3) to base 4.
100
0 (base 13) to base 9
0
Convert 3 (base 9) to base 6.
3
What is -273 (base 9) in base 16?
-e4
Convert 20 (base 14) to base 10.
28
20 (base 9) to base 2
10010
Convert -c (base 16) to base 4.
-30
What is 8 (base 15) in base 6?
12
-231 (base 8) to base 6
-413
Convert 82 (base 14) to base 15.
79
Convert 1303 (base 6) to base 9.
403
-41 (base 9) to base 12
-31
-105 (base 11) to base 14
-90
What is 18 (base 12) in base 2?
10100
-10 (base 2) to base 4
-2
Convert 5 (base 9) to base 16.
5
Convert 152 (base 9) to base 10.
128
Convert 11 (base 2) to base 7.
3
What is 0 (base 6) in base 13?
0
Convert -1 (base 11) to base 5.
-1
-123 (base 14) to base 13
-146
Convert 52 (base 8) to base 5.
132
Convert -a (base 11) to base 13.
-a
What is -24 (base 5) in base 14?
-10
Convert 1 (base 9) to base 6.
1
-a (base 12) to base 14
-a
Convert -4 (base 10) to base 11.
-4
-3 (base 8) to base 2
-11
2 (base 5) to base 8
2
Convert 7 (base 8) to base 6.
11
Convert -28 (base 11) to base 12.
-26
Convert -71 (base 14) to base 3.
-10200
Convert 0 (base 5) to base 13.
0
-100 (base 2) to base 10
-4
40 (base 9) to base 14
28
Convert -12 (base 3) to base 7.
-5
Convert -10 (base 2) to base 5.
-2
Convert 10 (base 14) to base 12.
12
16 (base 9) to base 4
33
What is 110 (base 4) in base 8?
24
What is 8 (base 13) in base 12?
8
2 (base 13) to base 6
2
What is 226 (base 7) in base 12?
9a
Convert 135 (base 10) to base 12.
b3
-99 (base 10) to base 7
-201
What is 10 (base 5) in base 4?
11
What is -25 (base 7) in base 15?
-14
What is -135 (base 6) in base 3?
-2012
What is 6 (base 13) in base 10?
6
-25 (base 9) to base 13
-1a
-9 (base 15) to base 2
-1001
-7 (base 12) to base 14
-7
What is -45 (base 9) in base 16?
-29
Convert 42 (base 5) to base 8.
26
-3b (base 15) to base 14
-40
9 (base 16) to base 10
9
Convert -224 (base 5) to base 13.
-4c
What is 1001100 (base 2) in base 6?
204
35 (base 8) to base 2
11101
Convert -71 (base 12) to base 16.
-55
4 (base 6) to base 14
4
Convert -2 (base 3) to base 10.
-2
108 (base 13) to base 12
129
What is -2 (base 14) in base 9?
-2
Convert -44 (base 5) to base 2.
-11000
What is 32 (base 16) in base 10?
50
-10 (base 6) to base 16
-6
Convert 5 (base 15) to base 13.
5
4 (base 9) to base 16
4
What is -2 (base 8) in base 12?
-2
What is 4 (base 6) in base 9?
4
What is -24 (base 8) in base 15?
-15
Convert 101001101 (base 2) to base 7.
654
Convert 5 (base 15) to base 11.
5
What is 1 (base 2) in base 12?
1
What is 8 (base 16) in base 9?
8
Convert 0 (base 9) to base 16.
0
Convert -1 (base 2) to base 7.
-1
Convert -8 (base 14) to base 3.
-22
f (base 16) to base 9
16
61 (base 9) to base 15
3a
Convert -6a (base 14) to base 10.
-94
What is 210 (base 4) in base 13?
2a
-1001 (base 2) to base 11
-9
What is -27 (base 8) in base 6?
-35
101 (base 3) to base 7
13
-12 (base 5) to base 12
-7
4 (base 8) to base 2
100
What is 7 (base 14) in base 16?
7
Convert 4 (base 15) to base 13.
4
Convert 123 (base 11) to base 6.
402
What is 4 (base 6) in base 12?
4
38 (base 12) to base 11
40
-4 (base 12) to base 3
-11
-7 (base 13) to base 11
-7
What is 204 (base 7) in base 16?
66
What is 51 (base 14) in base 5?
241
Convert -a (base 16) to base 4.
-22
What is 15 (base 8) in base 15?
d
-10 (base 3) to base 14
-3
What is -1 (base 7) in base 12?
-1
Convert -111111 (base 2) to base 11.
-58
Convert -d (base 14) to base 12.
-11
Convert -b (base 15) to base 8.
-13
-58 (base 15) to base 8
-123
Convert -1 (base 12) to base 8.
-1
What is 2 (base 15) in base 8?
2
What is 1211 (base 3) in base 6?
121
-11 (base 6) to base 4
-13
Convert -77 (base 15) to base 5.
-422
-22 (base 15) to base 2
-100000
What is -6a (base 13) in base 11?
-80
What is -34 (base 7) in base 15?
-1a
Convert 14 (base 8) to base 11.
11
What is -57 (base 16) in base 13?
-69
1001 (base 2) to base 6
13
Convert 1 (base 16) to base 8.
1
Convert 19a (base 11) to base 13.
149
b (base 14) to base 4
23
0 (base 6) to base 9
0
Convert 1112 (base 3) to base 9.
45
-32 (base 9) to base 2
-11101
-3 (base 9) to base 16
-3
What is -1 (base 9) in base 12?
-1
What is 9c (base 15) in base 16?
93
What is -4 (base 6) in base 8?
-4
What is 2 (base 14) in base 7?
2
Convert 3 (base 16) to base 14.
3
What is 23 (base 4) in base 7?
14
What is 21 (base 8) in base 3?
122
-101 (base 3) to base 14
-a
What is 114 (base 7) in base 8?
74
What is c5 (base 13) in base 9?
188
What is 1014 (base 5) in base 16?
86
-1 (base 2) to base 15
-1
-6 (base 13) to base 5
-11
-35 (base 12) to base 4
-221
1000000 (base 2) to base 10
64
What is 0 (base 3) in base 10?
0
3 (base 7) to base 5
3
What is -3 (base 16) in base 5?
-3
0 (base 13) to base 14
0
Convert -7 (base 16) to base 4.
-13
Convert 41 (base 8) to base 2.
100001
What is 0 (base 7) in base 14?
0
What is 11 (base 7) in base 15?
8
What is 1011 (base 6) in base 8?
337
Convert 21 (base 12) to base 15.
1a
What is -22 (base 5) in base 11?
-11
2 (base 6) to base 4
2
Convert 0 (base 2) to base 12.
0
1 (base 15) to base 7
1
Convert -32 (base 10) to base 13.
-26
What is -26 (base 8) in base 6?
-34
10 (base 8) to base 16
8
Convert 27 (base 13) to base 11.
30
40 (base 10) to base 4
220
2 (base 12) to base 7
2
Convert -1 (base 11) to base 6.
-1
120 (base 3) to base 4
33
2 (base 6) to base 4
2
32 (base 6) to base 15
15
Convert 0 (base 4) to base 9.
0
What is -25 (base 7) in base 4?
-103
What is 3a (base 12) in base 7?
64
What is -9 (base 15) in base 16?
-9
2 (base 8) to base 4
2
What is -1000100 (base 2) in base 5?
-233
What is 2 (base 8) in base 12?
2
Convert -2c (base 13) to base 2.
-100110
-204 (base 8) to base 14
-96
0 (base 16) to base 13
0
3 (base 12) to base 5
3
57 (base 8) to base 10
47
What is -16 (base 8) in base 7?
-20
Convert -12 (base 6) to base 11.
-8
What is -10 (base 11) in base 3?
-102
What is a9 (base 13) in base 9?
164
-13 (base 10) to base 12
-11
What is 107 (base 8) in base 5?
241
Convert -13c (base 13) to base 14.
-11a
22110 (base 3) to base 2
11100100
What is -1 (base 10) in base 2?
-1
Convert -1a (base 12) to base 4.
-112
0 (base 4) to base 6
0
Convert 1 (base 9) to base 4.
1
Convert -2 (base 14) to base 16.
-2
What is -55 (base 15) in base 12?
-68
What is 10 (base 2) in base 10?
2
4 (base 15) to base 14
4
Convert -106 (base 8) to base 7.
-130
150 (base 7) to base 3
10010
What is 24 (base 10) in base 6?
40
Convert 11000 (base 2) to base 6.
40
6 (base 10) to base 7
6
What is -1 (base 2) in base 3?
-1
What is 113 (base 7) in base 11?
54
Convert -1100 (base 2) to base 14.
-c
Convert -11 (base 2) to base 8.
-3
33 (base 15) to base 12
40
-3 (base 15) to base 4
-3
Convert -28 (base 13) to base 7.
-46
What is -2 (base 10) in base 12?
-2
-134 (base 6) to base 2
-111010
Convert -1 (base 10) to base 3.
-1
Convert 20 (base 15) to base 4.
132
What is -4 (base 14) in base 16?
-4
Convert -160 (base 13) to base 16.
-f7
Convert -22 (base 9) to base 6.
-32
-b (base 16) to base 15
-b
What is -11 (base 11) in base 14?
-c
Convert 38 (base 10) to base 5.
123
70 (base 13) to base 11
83
Convert -1 (base 14) to base 12.
-1
Convert -14 (base 14) to base 13.
-15
-d (base 16) to base 3
-111
6 (base 7) to base 9
6
Convert 4 (base 12) to base 2.
100
Convert 1b (base 13) to base 5.
44
What is -12 (base 4) in base 3?
-20
What is 24 (base 15) in base 6?
54
Convert 1220 (base 4) to base 10.
104
Convert -1042 (base 5) to base 13.
-b4
8 (base 12) to base 9
8
Convert -10 (base 10) to base 5.
-20
2 (base 4) to base 11
2
107 (base 10) to base 3
10222
2 (base 4) to base 12
2
Convert 0 (base 2) to base 6.
0
What is -222 (base 4) in base 11?
-39
What is 320 (base 4) in base 10?
56
-2 (base 12) to base 10
-2
What is 12 (base 3) in base 2?
101
Convert 12 (base 6) t